t q be h(5). Let s(f) = -f + 1. Let t(l) = -3*l - 10. Let d(c) = -6*s(c) + t(c). What is the tens digit of d(q)?
3
What is the thousands digit of 9/(81/84)*632664/203?
9
Let p = -40117 - -85324. What is the hundreds digit of p?
2
Let f(d) = 8*d**3 - 2*d**2 - d - 2. Let n be f(2). Suppose 4 = 7*m - n. What is the tens digit of 695/m + (-17)/(-136)?
8
Let m(c) = -c**2 - 4*c - 16. Let k be m(-4). Let f(w) = -w**3 - 14*w**2 + 29*w + 23. What is the units digit of f(k)?
1
Let f(s) = s**3 - 2*s**2 + 117*s + 748. What is the ten thousands digit of f(44)?
8
What is the units digit of (19/(-2)*4)/(144747/20682 + -7)?
8
Suppose -273*s + 4620537 + 6836711 = -8067712. What is the tens digit of s?
2
Let o(x) = -4*x**3 + 13*x**2 - 61*x - 661. What is the thousands digit of o(-9)?
3
Suppose -6*l = -l - 3*r - 5, 0 = l - 5*r - 23. What is the units digit of (0 + 18/9)*(410 - l)?
4
Let t = -204 - -201. What is the hundreds digit of t + (-4)/(-6) + (-23870)/(-33)?
7
Let i(y) be the first derivative of -y**4/4 + 3*y**3 + 13*y**2/2 + 14*y - 191. What is the tens digit of i(10)?
4
Suppose 16*l - 5*q - 1015715 = 0, -4*q + 8433 = -4*l + 262381. What is the ten thousands digit of l?
6
Let w = 761 - 673. Suppose 5*f + 85 = 3*y, 152 = -y + 6*y + 2*f. What is the tens digit of y/(-45) + w/6?
1
Let a(w) = w + 15. Let g be a(23). Let p(u) = -68*u + g*u + 4 - 2. What is the units digit of p(-1)?
2
Suppose 0 = -427*m + 426*m + 9. Suppose 0 = -4*u + 6*g + 5146, 0 = -5*u - 4*g + m*g + 6440. What is the units digit of u?
1
Suppose -15*k - 16270 = -2*j - 13*k, 11*j + k - 89389 = 0. What is the thousands digit of j?
8
Let s = 92 - -110. What is the hundreds digit of (s/(-1))/(5 - (4 - -3))?
1
Let v(l) = 135*l - 26. Let n be 46/23 - (1 + -1). What is the hundreds digit of v(n)?
2
Suppose -4*p + 5*y + 16682 = -25175, y = -p + 10453. What is the tens digit of p?
5
Let o(c) = -5*c**2 - 21*c + 8. Let v be o(-6). What is the units digit of (-19251)/v + 3/(-6)?
8
Suppose -11*y + 15*y = -20. Let l(k) = -32*k + 7. What is the units digit of l(y)?
7
Suppose 0*z - 4*x - 204 = -4*z, -161 = -3*z + x. Suppose 1 + z = 2*s. Let k = s - -56. What is the tens digit of k?
8
Suppose 0 = -h + 5*h - 1576. Suppose -771 = -5*n + h. Suppose -5*f + n = -182. What is the tens digit of f?
8
Suppose -15709 = -28*v + 50175. Let g = -1315 + v. What is the hundreds digit of g?
0
Suppose 3*a - 24 + 24 = 0. Suppose a = -2*h + 1131 - 9. What is the tens digit of h?
6
Let y(m) be the first derivative of 2*m**3/3 + 57*m**2/2 + 167*m - 116. What is the hundreds digit of y(-38)?
8
Suppose 7 = n - x - 4*x, 0 = 3*n - 2*x - 8. Let i be (-3)/(15/n)*-10. Suppose 3*a = 0, i*c - 6*c = a - 112. What is the tens digit of c?
5
Suppose 25*m = 33*m - 29552. Suppose 20*n = 18*n + m. What is the thousands digit of n?
1
Let f = -256 + 258. Suppose 7 = 5*g - 13, -5*r = f*g - 2883. What is the units digit of r?
5
Suppose 2*g - g = 3*s + 5, -5*g = 3*s - 7. Suppose -3*a - 11 = 2*y + 24, -25 = a - g*y. What is the hundreds digit of 922/6 - ((-55)/a - 3)?
1
Let a = -16 + 28. Suppose 12 = -4*k - a. What is the units digit of (44/k)/(((-4)/(-21))/(-2))?
7
Suppose 54195 - 17195 = 8*v + 5*b, 5*v - 2*b - 23125 = 0. What is the hundreds digit of v?
6
Let i(y) be the third derivative of y**6/120 - y**5/5 - y**4/12 + 7*y**3/2 + 11*y**2. Let z be i(12). What is the tens digit of -2*((-6)/z)/(2/(-49))?
9
Let w = 379 + -55. Let r be 2/(-7) - w/(-7). What is the units digit of -3 + 0 + r + 2?
5
Suppose -2*l + 4*a + 7667 = -12205, 3*a = 6. What is the tens digit of l?
4
Let p(z) be the first derivative of 65*z**2 + 7*z - 61. What is the tens digit of p(4)?
2
Suppose -11*q + 17*q = 1488. Let o = q - 118. What is the units digit of o?
0
Suppose -3*g + 6467 + 935 = 4*z, 3*z - 5553 = -2*g. What is the tens digit of z?
5
Let i(p) = 1. Let a(s) = 2*s. Let o(x) = -a(x) - i(x). Let q be o(-4). What is the units digit of 3 + (-4236)/(-28) - 2/q?
4
Let f(h) = 230*h**2 + h - 34. What is the tens digit of f(4)?
5
Suppose 0 = 3*y - 3*w - 21645, -3*y - 5*w = -5571 - 16082. What is the units digit of y?
6
Let d(a) = 2*a**2 - a - 2. Let c(q) = -900*q**3 + 5*q**2 - 7*q - 4. Let h(y) = -c(y) + 4*d(y). What is the units digit of h(1)?
2
Let c(m) = -m**3 - 13*m**2 + 21*m + 98. Let j be c(-14). Suppose j = 10*t - 4996 + 236. What is the hundreds digit of t?
4
Let n(z) = 8*z**2 + 37*z - 18. Let s be n(-22). Suppose 5*r - d = -6*d + s, -5*d = -4*r + 2441. What is the tens digit of r?
0
Let i be 4/(-6)*-6 - -1. Let s(r) = 93 + 12*r + 89 + 96 + 98 - 367. What is the tens digit of s(i)?
6
Suppose 5*t + 4*i = 20954, -4*i + 7*i = -3*t + 12570. Suppose 4*m = 2*n + t, -2*m + 3*n + 335 = -1764. What is the thousands digit of m?
1
Suppose -3*j + 305 = -o - 319, -4*j + 3175 = -5*o. Let g = o - -957. What is the units digit of g?
8
Let h be -1*(-4)/(2 - 1). Suppose k = 3*d - h*k - 18, d + 2*k = 17. Suppose -d*u + 508 + 933 = 0. What is the units digit of u?
1
Suppose -28*b + 20*b + 40 = 0. Suppose -2*a - 972 = -5*j, 3*j - 4*a = b*j - 384. Let m = j + -116. What is the units digit of m?
8
Suppose 607*z = 588*z + 6600 + 26669. What is the hundreds digit of z?
7
Suppose -2*p = -132*l + 129*l - 22916, -4*l - 22914 = -2*p. What is the ten thousands digit of p?
1
Suppose 14*r = 16*r. Let a be (3 - -1) + -7 + r. What is the tens digit of 1*3/a + 92 + -7?
8
Suppose 2*h + 0 = 4. Let o(t) = 67*t**2 - 102*t**h + 17 - t**3 + 50*t**2. What is the units digit of o(15)?
7
Let c = 1276 - 675. Suppose -4*g + 4*q = c + 1363, 2*q = -6. Let h = -287 - g. What is the hundreds digit of h?
2
Suppose 3*b - 49524 = -5*f, -2*b - 5*f + 13718 = -19298. What is the tens digit of b?
0
Let s be ((-144)/20)/((-3)/30). What is the tens digit of (-12)/s + (-4)/((-48)/10934)?
1
Let k(m) = -2*m**2 - 154*m + 406. What is the hundreds digit of k(-76)?
5
Suppose 46*f = 53184 + 15770. What is the hundreds digit of f?
4
Suppose -2*b = -3*b + 2*k + 3, 4*b + 4*k = 24. Suppose 5*m - 9 = p, -b = -3*m + 4*p - 3. Suppose 3*y = -m*y + 50. What is the tens digit of y?
1
Let a(x) be the third derivative of x**5/60 - 13*x**4/24 + 11*x**3/3 - 2*x**2. Let w be a(16). Let d = -41 + w. What is the units digit of d?
9
Suppose -47*c - 28 = -54*c. Suppose -c*t = -2931 + 535. What is the hundreds digit of t?
5
What is the thousands digit of -8*((-4)/(-80))/((-8)/134180)?
6
Let r(z) = 59*z + 135. Let k be r(-10). What is the hundreds digit of (k/39)/(3/(-108))?
4
Suppose -3*j + 61 = 2*i, -5*i = -0*i - 5*j - 165. Suppose -2877 = -i*w + 5219. What is the hundreds digit of w?
2
Let j = -476 - -251. Let z be (-3866)/(-18) + (-50)/j. Let r = -72 + z. What is the tens digit of r?
4
Suppose 3*c - 8*c + 341 = 3*m, -3*m + 271 = -5*c. What is the units digit of m?
2
Suppose -5*o - 2*d + 2975 = 0, -4*d - 5 = 15. Let b = o - 284. What is the hundreds digit of b?
3
Suppose 4*g + 32 = 0, -67*g = 5*o - 68*g - 207183. What is the units digit of o?
5
Suppose 5*w = 4*n - 175663, -4*n - 4*w - 58792 + 234464 = 0. What is the units digit of n?
7
Let q be ((-17)/15 - -1) + 17276/(-30). Let f = q + 1544. What is the tens digit of f?
6
Let s be 18/(12/2) + 0. Suppose -2*f + 3*k = -305, -f = 6*k - s*k - 130. What is the hundreds digit of f?
1
What is the tens digit of 56013 - (-20 - (-216)/8)?
0
Let r = -2982 + 13103. What is the hundreds digit of r?
1
Suppose 0 = -3*h + 10 - 4. Suppose 2*t - 1932 = -z - 4*z, t - 773 = -h*z. Let a = z - 189. What is the tens digit of a?
9
Let m(a) = -18*a - 10. Let c be ((-1)/(-4)*-2)/((-7)/(-84)). Let k be m(c). Suppose -3*h = -k - 181. What is the tens digit of h?
9
Let z(l) = l**3 + 8*l**2 - 21*l + 30. Let v be z(-8). Suppose 9544 = -190*b + v*b. What is the tens digit of b?
9
Suppose -5*d = 2*i + 9, 2*i - 2*d - 21 = 3*d. Suppose 175 = u + 2*m, i*m + 304 = 2*u - 11. What is the hundreds digit of u?
1
Let c(f) = 1. Let z(t) = 9*t**2 - 8*t + 13. Let r(o) = 5*c(o) + z(o). Let y be r(5). Let n = -47 + y. What is the units digit of n?
6
Suppose 7*j + 5*j - 120 = 0. Let y be (-14)/35 + (-1)/j*-4. Let v(l) = -6*l + 2. What is the units digit of v(y)?
2
Let n(o) = -17*o**3 - 2*o**2 + 2. Let q be n(2). Let k be 24/8 + 2/((-2)/(-2)) + 281. Let s = q + k. What is the hundreds digit of s?
1
Suppose -35*s + 29*s = -12612. What is the thous